{"id":2,"date":"2020-11-20T18:50:53","date_gmt":"2020-11-20T18:50:53","guid":{"rendered":"http:\/\/clinicafertia.net\/?page_id=2"},"modified":"2025-10-22T18:16:54","modified_gmt":"2025-10-22T18:16:54","slug":"sample-page","status":"publish","type":"page","link":"https:\/\/clinicafertia.net\/","title":{"rendered":"CL\u00cdNICA FERTIA"},"content":{"rendered":"\n<figure class=\"wp-block-image\"><img decoding=\"async\" src=\"https:\/\/web.archive.org\/web\/20060829130046im_\/http:\/\/www.clinicafertia.net\/images\/logo.gif\" alt=\"\"\/><\/figure>\n\n\n\n<p><strong>DOMINIO EXPIRADO Y EMPLEADO PARA PUBLICIDAD.<\/strong><\/p>\n\n\n\n<p><strong>Cl\u00ednica Fertia<\/strong> es un centro especializado en la investigaci\u00f3n y tratamiento de la est\u00e9tica femenina y masculina.<\/p>\n\n\n\n<h4 class=\"wp-block-heading\"><strong>Cl\u00ednica Fertia \u2013 Tu bienestar integral empieza con una sonrisa<\/strong><\/h4>\n\n\n\n<figure class=\"wp-block-image size-large\"><img loading=\"lazy\" decoding=\"async\" width=\"1024\" height=\"683\" src=\"https:\/\/clinicafertia.net\/wp-content\/uploads\/2025\/04\/clinica-fertia-cali-1024x683.png\" alt=\"\" class=\"wp-image-82\" srcset=\"https:\/\/clinicafertia.net\/wp-content\/uploads\/2025\/04\/clinica-fertia-cali-1024x683.png 1024w, https:\/\/clinicafertia.net\/wp-content\/uploads\/2025\/04\/clinica-fertia-cali-300x200.png 300w, https:\/\/clinicafertia.net\/wp-content\/uploads\/2025\/04\/clinica-fertia-cali-768x512.png 768w, https:\/\/clinicafertia.net\/wp-content\/uploads\/2025\/04\/clinica-fertia-cali.png 1536w\" sizes=\"auto, (max-width: 1024px) 100vw, 1024px\" \/><\/figure>\n\n\n\n<p>En <strong>Cl\u00ednica Fertia<\/strong>, creemos que la salud y la belleza van de la mano. Por eso ofrecemos un enfoque \u00fanico e integral, donde combinamos <strong>Odontolog\u00eda Est\u00e9tica, Implantolog\u00eda, Ortodoncia, Psicolog\u00eda y Medicina Natural<\/strong> para cuidar de ti de manera completa, desde tu sonrisa hasta tu bienestar emocional y f\u00edsico.<br><br><strong><a href=\"https:\/\/holomedicalcenter.com.co\/acupuntura-bogota\/\">Acupuntura Bogot\u00e1<\/a> :<\/strong> En <strong>Holo Medical<\/strong>, ofrecemos tratamientos de <strong>acupuntura<\/strong>, basados en la medicina tradicional china y respaldados por evidencia cient\u00edfica. Nuestro equipo de <strong>m\u00e9dicos especialistas<\/strong> combina conocimientos de acupuntura, homeopat\u00eda y medicina alternativa para tratar de forma natural dolores cr\u00f3nicos, estr\u00e9s, insomnio, trastornos digestivos y m\u00e1s. Cada sesi\u00f3n es personalizada, segura y enfocada en restaurar el equilibrio f\u00edsico y emocional del paciente.<\/p>\n\n\n\n<figure class=\"wp-block-image size-full is-resized\"><img loading=\"lazy\" decoding=\"async\" width=\"287\" height=\"175\" src=\"https:\/\/clinicafertia.net\/wp-content\/uploads\/2025\/10\/acupuntura.jpeg\" alt=\"\" class=\"wp-image-97\" style=\"width:789px;height:auto\"\/><\/figure>\n\n\n\n<p><br><strong>Recupera tu bienestar con acupuntura profesional en el norte de Bogot\u00e1. Agenda tu consulta hoy.<\/strong><br><\/p>\n\n\n\n<p>Somos especialistas en <strong>Dise\u00f1o de Sonrisa<\/strong> en Cali, creando sonrisas arm\u00f3nicas, naturales y personalizadas que transforman no solo la est\u00e9tica facial, sino tambi\u00e9n la confianza y calidad de vida de nuestros pacientes. Utilizamos <strong>tecnolog\u00eda digital avanzada<\/strong> y materiales de alta calidad como <strong>carillas en porcelana, lentes cer\u00e1micos y resinas est\u00e9ticas<\/strong>, garantizando resultados duraderos y funcionales.<\/p>\n\n\n\n<p><strong>Odontolog\u00eda Dise\u00f1o de Sonrisa : <\/strong> En la <strong>Cl\u00ednica del Dr. Juan Sebasti\u00e1n Tobar<\/strong>, entendemos que una sonrisa perfecta no solo refleja belleza, sino tambi\u00e9n salud y bienestar. Por eso, hemos creado un espacio donde la <strong>odontolog\u00eda moderna<\/strong> y el <strong>dise\u00f1o de sonrisa personalizado<\/strong> se combinan para ofrecerte resultados excepcionales.<\/p>\n\n\n\n<figure class=\"wp-block-image size-large\"><img loading=\"lazy\" decoding=\"async\" width=\"1024\" height=\"468\" src=\"https:\/\/clinicafertia.net\/wp-content\/uploads\/2025\/04\/ortodoncia_invisible-1024x468.webp\" alt=\"\" class=\"wp-image-83\" srcset=\"https:\/\/clinicafertia.net\/wp-content\/uploads\/2025\/04\/ortodoncia_invisible-1024x468.webp 1024w, https:\/\/clinicafertia.net\/wp-content\/uploads\/2025\/04\/ortodoncia_invisible-300x137.webp 300w, https:\/\/clinicafertia.net\/wp-content\/uploads\/2025\/04\/ortodoncia_invisible-768x351.webp 768w, https:\/\/clinicafertia.net\/wp-content\/uploads\/2025\/04\/ortodoncia_invisible.webp 1400w\" sizes=\"auto, (max-width: 1024px) 100vw, 1024px\" \/><\/figure>\n\n\n\n<p><strong>Odontolog\u00eda de Implantes Dentales:<\/strong> Nuestro enfoque va m\u00e1s all\u00e1 de lo est\u00e9tico: analizamos tu rostro, tus expresiones y tu estructura dental para dise\u00f1ar una sonrisa que se vea natural, armoniosa y completamente adaptada a ti. Cada tratamiento es personalizado, utilizando materiales de alta calidad y las t\u00e9cnicas m\u00e1s innovadoras en carillas, blanqueamientos, ortodoncia est\u00e9tica e <strong>Implantolog\u00eda.<\/strong><\/p>\n\n\n\n<p>En la <strong>Cl\u00ednica del Dr. Juan Sebasti\u00e1n Tobar<\/strong>, somos especialistas en devolver funcionalidad, est\u00e9tica y confianza a nuestros pacientes a trav\u00e9s de la <strong>odontolog\u00eda de implantes dentales<\/strong> de alta precisi\u00f3n.<\/p>\n\n\n\n<p>Con m\u00e1s de <strong>11 a\u00f1os de experiencia<\/strong>, combinamos tecnolog\u00eda avanzada, materiales de \u00faltima generaci\u00f3n y un enfoque personalizado para ofrecer soluciones definitivas a la p\u00e9rdida dental. Trabajamos con <strong>implantes 100% biocompatibles<\/strong>, que se integran perfectamente al hueso, proporcionando una base s\u00f3lida y natural para coronas, puentes o pr\u00f3tesis completas.<\/p>\n\n\n\n<p>Nuestro equipo aplica protocolos cl\u00ednicos de <strong>nivel hospitalario<\/strong>, garantizando procedimientos seguros, m\u00ednimamente invasivos y con altos \u00edndices de \u00e9xito. Desde la colocaci\u00f3n de un implante unitario hasta rehabilitaciones completas como <strong>All on 4<\/strong> y <strong>All on 6<\/strong>, dise\u00f1amos cada tratamiento pensando en restaurar tu sonrisa y mejorar tu calidad de vida.<\/p>\n\n\n\n<p>\u2705 Resultados duraderos y est\u00e9ticamente naturales<br>\u2705 Recupera la comodidad al comer y sonre\u00edr<br>\u2705 Prevenci\u00f3n de la p\u00e9rdida \u00f3sea maxilar<br>\u2705 Atenci\u00f3n personalizada en un entorno seguro y de alta tecnolog\u00eda<\/p>\n\n\n\n<p>? <strong>Recupera tu sonrisa y tu confianza con los mejores especialistas en implantes dentales en Cali. Agenda tu consulta en la Cl\u00ednica del Dr. Juan Sebasti\u00e1n Tobar hoy mismo.<\/strong><\/p>\n\n\n\n<p>Trabajamos bajo est\u00e1ndares cl\u00ednicos de <strong>nivel hospitalario<\/strong>, con protocolos estrictos de bioseguridad, lo que nos permite garantizar procedimientos seguros y altamente efectivos. Ya sea que busques una mejora sutil o una transformaci\u00f3n completa, en nuestra cl\u00ednica encontrar\u00e1s la tecnolog\u00eda, el talento y el compromiso necesarios para lograrlo.<\/p>\n\n\n\n<p>\u2705 Estudio facial y digital personalizado<br>\u2705 Resultados que realzan tu belleza natural<br>\u2705 Procedimientos c\u00f3modos y m\u00ednimamente invasivos<br>\u2705 Experiencia de m\u00e1s de 11 a\u00f1os en odontolog\u00eda est\u00e9tica<\/p>\n\n\n\n<p>? <strong>Haz de tu sonrisa tu mejor carta de presentaci\u00f3n. Agenda tu consulta en la Cl\u00ednica del Dr. Juan Sebasti\u00e1n Tobar y da el primer paso hacia una versi\u00f3n m\u00e1s segura y radiante de ti.<\/strong><\/p>\n\n\n\n<p>En el \u00e1rea de <strong>Implantes Dentales<\/strong>, contamos con profesionales altamente capacitados que trabajan con sistemas de \u00faltima generaci\u00f3n para restaurar dientes perdidos de manera segura, c\u00f3moda y efectiva. Nuestros procedimientos son m\u00ednimamente invasivos, realizados bajo protocolos de nivel hospitalario para ofrecer m\u00e1xima seguridad y \u00e9xito en cada tratamiento.<\/p>\n\n\n\n<p>La <strong>Ortodoncia<\/strong> en Cl\u00ednica Fertia no solo corrige la posici\u00f3n de los dientes, sino que tambi\u00e9n mejora la funcionalidad y la est\u00e9tica facial. Trabajamos con t\u00e9cnicas modernas como <strong>brackets est\u00e9ticos, ortodoncia invisible y ortopedia funcional<\/strong> para ofrecer opciones adaptadas a cada necesidad.<\/p>\n\n\n\n<p>Entendemos que el bienestar no es solo f\u00edsico, por eso nuestro servicio de <strong>Psicolog\u00eda<\/strong> apoya a nuestros pacientes en procesos de autoestima, ansiedad, manejo del estr\u00e9s y adaptaci\u00f3n emocional a los cambios est\u00e9ticos y de salud.<\/p>\n\n\n\n<p>Adem\u00e1s, en nuestra \u00e1rea de <strong>Medicina Natural<\/strong>, complementamos todos los tratamientos con terapias biol\u00f3gicas que promueven la regeneraci\u00f3n, el equilibrio y la salud de manera integral, respetando los procesos naturales del cuerpo.<\/p>\n\n\n\n<p>\u2705 Tratamientos personalizados en cada especialidad<br>\u2705 Tecnolog\u00eda de \u00faltima generaci\u00f3n<br>\u2705 Enfoque humano y cercano<br>\u2705 Atenci\u00f3n integral para cuerpo y mente<br>\u2705 Resultados reales, naturales y duraderos<\/p>\n\n\n\n<p>? <strong>En Cl\u00ednica Fertia, m\u00e1s que transformar sonrisas, transformamos vidas. Agenda tu valoraci\u00f3n y descubre una nueva forma de cuidar tu salud y tu bienestar.<\/strong><\/p>\n\n\n\n<h4 class=\"wp-block-heading\">ESPECIALISTAS EN ORTODONCIA Y MEDICINA BIOL\u00d3GICA.<\/h4>\n\n\n\n<p>La Doctora Yojaira Chamorro&nbsp;<em>realiza<\/em> cirug\u00edas est\u00e9ticas o cosm\u00e9ticas como tambi\u00e9n los <a href=\"https:\/\/www.yojairachamorro.com\/\">tratamientos de Ortodoncia en Bogot\u00e1<\/a>.<\/p>\n\n\n\n<p>Llevamos a cabo tratamientos individualizados y personalizados<br>para cada Paciente de forma eficiente y cuidadosa. El personal de Cl\u00ednica Fertia tiene experiencia internacional y conocimientos especializados en el campo de las modernas t\u00e9cnicas de cirug\u00eda pl\u00e1stica y est\u00e9tica.<\/p>\n\n\n\n<p>Si quieres realizarte una cirugia pl\u00e1stica de calidad a bajo costo, te recomendamos <strong><strong>Premium Cirug\u00eda Pl\u00e1stica Colombia<\/strong><\/strong>, en esta cl\u00ednica especializada en cirug\u00eda pl\u00e1stica les brindamos a nuestros pacientes servicios de rinoplastia en un centro ambulatorio con anestesia general. Si tiene varios procedimientos que involucran t\u00e9cnicas m\u00e1s complejas que la rinoplastia en Colombia, entonces el grupo de cirujanos colombianos pueden recomendar una hospitalizaci\u00f3n durante unos d\u00edas de recuperaci\u00f3n. La duraci\u00f3n del tiempo de la cirug\u00eda pl\u00e1stica se basar\u00e1 en la cantidad de grasa extra\u00edda, la t\u00e9cnica utilizada y el tama\u00f1o del \u00e1rea a tratar. Son ademas especialistas en <strong><a href=\"https:\/\/holomedicalcenter.com.co\/\">Medicina Funcional<\/a> <\/strong>y sus tratamientos los han llevado por toda Colombia.<\/p>\n\n\n\n<p>La <strong>medicina funcional<\/strong> es una rama de la medicina que incorpora varios elementos de distintas tradiciones m\u00e9dicas, como la medicina china tradicional, la ciencia biom\u00e9dica occidental y las pr\u00e1cticas curativas tradicionales. El objetivo de la <strong>medicina funcional<\/strong> es identificar la causa subyacente de la enfermedad, en lugar de tratar los s\u00edntomas. Para ello, los profesionales de la medicina funcional suelen utilizar varias herramientas diferentes, como consejos diet\u00e9ticos, recomendaciones sobre el estilo de vida y pruebas de laboratorio. Aunque la medicina funcional es todav\u00eda relativamente nueva, est\u00e1 recibiendo cada vez m\u00e1s atenci\u00f3n por parte de los m\u00e9dicos y cient\u00edficos convencionales. Si est\u00e1s interesado en obtener m\u00e1s informaci\u00f3n sobre la <strong>medicina funcional<\/strong>, hay muchos recursos disponibles, como libros, conferencias m\u00e9dicas y foros en l\u00ednea.<\/p>\n\n\n\n<p><a href=\"https:\/\/holomedicalcenter.com.co\/sueroterapia-bogota\/\"><strong>Sueroterapia<\/strong> <strong><em>Bogot<\/em>\u00e1<\/strong><\/a> : Una de las terapias mas solicitadas es la<strong> Sueroterapia <\/strong>y es un tipo de tratamiento que utiliza diversos concentrados extra\u00eddos de plantas, animales y bacterias para estimular la producci\u00f3n de col\u00e1geno y elastina naturales en la piel. Esta forma de tratamiento se utiliza a menudo como alternativa a procedimientos quir\u00fargicos como los peelings qu\u00edmicos o el rejuvenecimiento con l\u00e1ser, y se sabe que mejora el aspecto de las l\u00edneas finas, las arrugas, las manchas de la edad y los da\u00f1os cut\u00e1neos causados por la exposici\u00f3n al sol. Adem\u00e1s, la sueroterapia se utiliza a menudo para ayudar a mejorar el aspecto general de la piel, iluminando los cutis apagados, igualando el tono de la piel y reduciendo el aspecto de las cicatrices. La <strong>sueroterapia<\/strong> suele aplicarse como una serie de tratamientos a lo largo de varias semanas o meses, seg\u00fan las necesidades de cada persona.<br><\/p>\n\n\n\n<h4 class=\"wp-block-heading\"><strong>P<\/strong>sic\u00f3logos Online: Tu Aliado en el Cuidado de la Salud Mental<\/h4>\n\n\n\n<p>En <strong>Psic\u00f3logos Online<\/strong>, sabemos que cada persona vive su proceso emocional de manera \u00fanica. Por eso, ponemos a tu disposici\u00f3n un equipo de especialistas comprometidos en ofrecerte un acompa\u00f1amiento cercano, profesional y adaptado a tus necesidades. A trav\u00e9s de sesiones virtuales seguras, podr\u00e1s recibir apoyo psicol\u00f3gico especializado sin salir de casa y con total privacidad. <br>Conoce m\u00e1s en <strong><a href=\"https:\/\/psicologosonline.org\/\">Psic\u00f3logos Online<\/a> <\/strong> Todo para tu Bienestar emocional.<\/p>\n\n\n\n<p>Nuestro servicio est\u00e1 dise\u00f1ado para brindarte flexibilidad, permiti\u00e9ndote elegir el horario que mejor se ajuste a tu estilo de vida. Ya sea que necesites ayuda para gestionar el estr\u00e9s, superar una crisis emocional, fortalecer tu autoestima o mejorar tus relaciones personales, nuestros psic\u00f3logos te ofrecer\u00e1n las herramientas necesarias para avanzar hacia tu bienestar.<\/p>\n\n\n\n<figure class=\"wp-block-image size-full\"><img loading=\"lazy\" decoding=\"async\" width=\"1024\" height=\"1024\" src=\"https:\/\/clinicafertia.net\/wp-content\/uploads\/2025\/04\/psicologos-online.webp\" alt=\"\" class=\"wp-image-90\" srcset=\"https:\/\/clinicafertia.net\/wp-content\/uploads\/2025\/04\/psicologos-online.webp 1024w, https:\/\/clinicafertia.net\/wp-content\/uploads\/2025\/04\/psicologos-online-300x300.webp 300w, https:\/\/clinicafertia.net\/wp-content\/uploads\/2025\/04\/psicologos-online-150x150.webp 150w, https:\/\/clinicafertia.net\/wp-content\/uploads\/2025\/04\/psicologos-online-768x768.webp 768w\" sizes=\"auto, (max-width: 1024px) 100vw, 1024px\" \/><\/figure>\n\n\n\n<p>En <strong>Psic\u00f3logos Online<\/strong>, creemos en la importancia de una atenci\u00f3n accesible y de calidad. Por eso, te ofrecemos tarifas competitivas y facilidades para que comenzar tu proceso terap\u00e9utico sea sencillo y sin barreras. Da hoy el primer paso hacia una vida m\u00e1s equilibrada, consciente y saludable, acompa\u00f1ado de expertos que realmente se preocupan por ti.<\/p>\n\n\n\n<p><\/p>\n\n\n\n<p><\/p>\n\n\n\n<p><\/p>\n\n\n\n<p><\/p>\n\n\n\n<p><\/p>\n\n\n\n<p><\/p>\n\n\n\n<p><br><\/p>\n\n\n\n<p><\/p>\n\n\n\n<p><\/p>\n\n\n\n<h4 class=\"wp-block-heading\"><strong>Procedimientos de Cirug\u00eda pl\u00e1stica y cosm\u00e9tica<\/strong><\/h4>\n\n\n\n<p>Ya sea que te quedes con la panza fl\u00e1cida despu\u00e9s de tener hijos o que hayas perdido mucho peso, puedes obtener la barriga tonificada y elegante que deseas al someterte a una cirug\u00eda de Abdominoplastia en Colombia. Desafortunadamente, la piel y los m\u00fasculos abdominales demasiado estirados no se pueden resolver con dieta y ejercicio y deben corregirse quir\u00fargicamente. Por eso en esta clinica de cirujanos plasticos especializados en colombia te ofrecemos los mejores servicios<\/p>\n\n\n\n<p>El objetivo del <strong>Dr. Steven Rueda<\/strong> y su equipo es brindar atenci\u00f3n de vanguardia, individualizada y atenta a cada paciente. Los procedimientos se ofrecen para lograr un resultado art\u00edstico, natural y duradero. Se pone gran \u00e9nfasis en una cirug\u00eda segura y una pronta recuperaci\u00f3n. Toda la experiencia quir\u00fargica del paciente, desde la consulta preoperatoria hasta la atenci\u00f3n postoperatoria, est\u00e1 optimizada para lograr un alto grado de facilidad de uso. Contamos tambien con <strong>enfermeras a domicilio<\/strong> para realizar las visitas de Control en Bogota y en toda Colombia.<\/p>\n\n\n\n<p>En la capital del Atlantico tenemos el servicio de enfermeras a domicio en Barranquilla, y cuidaremos de tus seres queridos. Nos especializamos en el cuidado del adulto mayor, pacientes en cama y postoperatorios.<\/p>\n\n\n\n<p>La instalaci\u00f3n ofrece atenci\u00f3n segura y personalizada en un entorno privado. La instalaci\u00f3n cuenta con un equipo quir\u00fargico atento, dedicado y altamente experimentado. Para los pacientes que se someten a extensos procedimientos faciales o corporales, la recuperaci\u00f3n durante la noche est\u00e1 disponible en la <strong>Cl\u00ednica de Cirug\u00eda Pl\u00e1stica<\/strong> de <strong>West Palm Beach<\/strong>.<\/p>\n\n\n\n<p>Consulte la siguiente lista de procedimientos comunes, como estiramientos faciales, procedimientos de p\u00e1rpados, aumento de senos, reducci\u00f3n de senos, mastopexia (levantamiento de senos), abdominoplastia (abdominoplastia) y liposucci\u00f3n. El <strong>Dr. Steven Rueda<\/strong> tambi\u00e9n realiza algunos procedimientos que no se enumeran aqu\u00ed.<\/p>\n\n\n\n<p>La Sociedad Estadounidense de Cirujanos Pl\u00e1sticos<br>Sociedad Estadounidense de Cirug\u00eda Pl\u00e1stica Est\u00e9tica<br><\/p>\n","protected":false},"excerpt":{"rendered":"<p>DOMINIO EXPIRADO Y EMPLEADO PARA PUBLICIDAD. Cl\u00ednica Fertia es un centro especializado en la investigaci\u00f3n y tratamiento de la est\u00e9tica femenina y masculina. Cl\u00ednica Fertia \u2013 Tu bienestar integral empieza con una sonrisa En Cl\u00ednica Fertia, creemos que la salud y la belleza van de la mano. Por eso ofrecemos un enfoque \u00fanico e integral, [&hellip;]<\/p>\n","protected":false},"author":1,"featured_media":0,"parent":0,"menu_order":0,"comment_status":"closed","ping_status":"open","template":"","meta":{"footnotes":""},"class_list":["post-2","page","type-page","status-publish","hentry","entry"],"yoast_head":"<!-- This site is optimized with the Yoast SEO plugin v24.9 - https:\/\/yoast.com\/wordpress\/plugins\/seo\/ -->\n<title>ESPECIALISTAS EN ODONTOLOG\u00cdA Y MEDICINA BIOL\u00d3GICA.<\/title>\n<meta name=\"description\" content=\"Recupera tu bienestar con especialistas en Odontolog\u00eda, Psicolog\u00eda y Medicina Biol\u00f3gica. Tratamientos personalizados y efectivos\" \/>\n<meta name=\"robots\" content=\"index, follow, max-snippet:-1, max-image-preview:large, max-video-preview:-1\" \/>\n<link rel=\"canonical\" href=\"https:\/\/clinicafertia.net\/\" \/>\n<meta property=\"og:locale\" content=\"es_ES\" \/>\n<meta property=\"og:type\" content=\"article\" \/>\n<meta property=\"og:title\" content=\"ESPECIALISTAS EN ODONTOLOG\u00cdA Y MEDICINA BIOL\u00d3GICA.\" \/>\n<meta property=\"og:description\" content=\"Recupera tu bienestar con especialistas en Odontolog\u00eda, Psicolog\u00eda y Medicina Biol\u00f3gica. Tratamientos personalizados y efectivos\" \/>\n<meta property=\"og:url\" content=\"https:\/\/clinicafertia.net\/\" \/>\n<meta property=\"article:modified_time\" content=\"2025-10-22T18:16:54+00:00\" \/>\n<meta property=\"og:image\" content=\"https:\/\/web.archive.org\/web\/20060829130046im_\/http:\/\/www.clinicafertia.net\/images\/logo.gif\" \/>\n<meta name=\"twitter:card\" content=\"summary_large_image\" \/>\n<meta name=\"twitter:label1\" content=\"Tiempo de lectura\" \/>\n\t<meta name=\"twitter:data1\" content=\"10 minutos\" \/>\n<script type=\"application\/ld+json\" class=\"yoast-schema-graph\">{\"@context\":\"https:\/\/schema.org\",\"@graph\":[{\"@type\":\"WebPage\",\"@id\":\"https:\/\/clinicafertia.net\/\",\"url\":\"https:\/\/clinicafertia.net\/\",\"name\":\"ESPECIALISTAS EN ODONTOLOG\u00cdA Y MEDICINA BIOL\u00d3GICA.\",\"isPartOf\":{\"@id\":\"https:\/\/clinicafertia.net\/#website\"},\"primaryImageOfPage\":{\"@id\":\"https:\/\/clinicafertia.net\/#primaryimage\"},\"image\":{\"@id\":\"https:\/\/clinicafertia.net\/#primaryimage\"},\"thumbnailUrl\":\"https:\/\/web.archive.org\/web\/20060829130046im_\/http:\/\/www.clinicafertia.net\/images\/logo.gif\",\"datePublished\":\"2020-11-20T18:50:53+00:00\",\"dateModified\":\"2025-10-22T18:16:54+00:00\",\"description\":\"Recupera tu bienestar con especialistas en Odontolog\u00eda, Psicolog\u00eda y Medicina Biol\u00f3gica. Tratamientos personalizados y efectivos\",\"breadcrumb\":{\"@id\":\"https:\/\/clinicafertia.net\/#breadcrumb\"},\"inLanguage\":\"es-CO\",\"potentialAction\":[{\"@type\":\"ReadAction\",\"target\":[\"https:\/\/clinicafertia.net\/\"]}]},{\"@type\":\"ImageObject\",\"inLanguage\":\"es-CO\",\"@id\":\"https:\/\/clinicafertia.net\/#primaryimage\",\"url\":\"https:\/\/web.archive.org\/web\/20060829130046im_\/http:\/\/www.clinicafertia.net\/images\/logo.gif\",\"contentUrl\":\"https:\/\/web.archive.org\/web\/20060829130046im_\/http:\/\/www.clinicafertia.net\/images\/logo.gif\"},{\"@type\":\"BreadcrumbList\",\"@id\":\"https:\/\/clinicafertia.net\/#breadcrumb\",\"itemListElement\":[{\"@type\":\"ListItem\",\"position\":1,\"name\":\"Inicio\",\"item\":\"https:\/\/clinicafertia.net\/\"},{\"@type\":\"ListItem\",\"position\":2,\"name\":\"CL\u00cdNICA FERTIA\"}]},{\"@type\":\"WebSite\",\"@id\":\"https:\/\/clinicafertia.net\/#website\",\"url\":\"https:\/\/clinicafertia.net\/\",\"name\":\"\",\"description\":\"\",\"potentialAction\":[{\"@type\":\"SearchAction\",\"target\":{\"@type\":\"EntryPoint\",\"urlTemplate\":\"https:\/\/clinicafertia.net\/?s={search_term_string}\"},\"query-input\":{\"@type\":\"PropertyValueSpecification\",\"valueRequired\":true,\"valueName\":\"search_term_string\"}}],\"inLanguage\":\"es-CO\"}]}<\/script>\n<!-- \/ Yoast SEO plugin. -->","yoast_head_json":{"title":"ESPECIALISTAS EN ODONTOLOG\u00cdA Y MEDICINA BIOL\u00d3GICA.","description":"Recupera tu bienestar con especialistas en Odontolog\u00eda, Psicolog\u00eda y Medicina Biol\u00f3gica. Tratamientos personalizados y efectivos","robots":{"index":"index","follow":"follow","max-snippet":"max-snippet:-1","max-image-preview":"max-image-preview:large","max-video-preview":"max-video-preview:-1"},"canonical":"https:\/\/clinicafertia.net\/","og_locale":"es_ES","og_type":"article","og_title":"ESPECIALISTAS EN ODONTOLOG\u00cdA Y MEDICINA BIOL\u00d3GICA.","og_description":"Recupera tu bienestar con especialistas en Odontolog\u00eda, Psicolog\u00eda y Medicina Biol\u00f3gica. Tratamientos personalizados y efectivos","og_url":"https:\/\/clinicafertia.net\/","article_modified_time":"2025-10-22T18:16:54+00:00","og_image":[{"url":"https:\/\/web.archive.org\/web\/20060829130046im_\/http:\/\/www.clinicafertia.net\/images\/logo.gif","type":"","width":"","height":""}],"twitter_card":"summary_large_image","twitter_misc":{"Tiempo de lectura":"10 minutos"},"schema":{"@context":"https:\/\/schema.org","@graph":[{"@type":"WebPage","@id":"https:\/\/clinicafertia.net\/","url":"https:\/\/clinicafertia.net\/","name":"ESPECIALISTAS EN ODONTOLOG\u00cdA Y MEDICINA BIOL\u00d3GICA.","isPartOf":{"@id":"https:\/\/clinicafertia.net\/#website"},"primaryImageOfPage":{"@id":"https:\/\/clinicafertia.net\/#primaryimage"},"image":{"@id":"https:\/\/clinicafertia.net\/#primaryimage"},"thumbnailUrl":"https:\/\/web.archive.org\/web\/20060829130046im_\/http:\/\/www.clinicafertia.net\/images\/logo.gif","datePublished":"2020-11-20T18:50:53+00:00","dateModified":"2025-10-22T18:16:54+00:00","description":"Recupera tu bienestar con especialistas en Odontolog\u00eda, Psicolog\u00eda y Medicina Biol\u00f3gica. Tratamientos personalizados y efectivos","breadcrumb":{"@id":"https:\/\/clinicafertia.net\/#breadcrumb"},"inLanguage":"es-CO","potentialAction":[{"@type":"ReadAction","target":["https:\/\/clinicafertia.net\/"]}]},{"@type":"ImageObject","inLanguage":"es-CO","@id":"https:\/\/clinicafertia.net\/#primaryimage","url":"https:\/\/web.archive.org\/web\/20060829130046im_\/http:\/\/www.clinicafertia.net\/images\/logo.gif","contentUrl":"https:\/\/web.archive.org\/web\/20060829130046im_\/http:\/\/www.clinicafertia.net\/images\/logo.gif"},{"@type":"BreadcrumbList","@id":"https:\/\/clinicafertia.net\/#breadcrumb","itemListElement":[{"@type":"ListItem","position":1,"name":"Inicio","item":"https:\/\/clinicafertia.net\/"},{"@type":"ListItem","position":2,"name":"CL\u00cdNICA FERTIA"}]},{"@type":"WebSite","@id":"https:\/\/clinicafertia.net\/#website","url":"https:\/\/clinicafertia.net\/","name":"","description":"","potentialAction":[{"@type":"SearchAction","target":{"@type":"EntryPoint","urlTemplate":"https:\/\/clinicafertia.net\/?s={search_term_string}"},"query-input":{"@type":"PropertyValueSpecification","valueRequired":true,"valueName":"search_term_string"}}],"inLanguage":"es-CO"}]}},"_links":{"self":[{"href":"https:\/\/clinicafertia.net\/index.php\/wp-json\/wp\/v2\/pages\/2","targetHints":{"allow":["GET"]}}],"collection":[{"href":"https:\/\/clinicafertia.net\/index.php\/wp-json\/wp\/v2\/pages"}],"about":[{"href":"https:\/\/clinicafertia.net\/index.php\/wp-json\/wp\/v2\/types\/page"}],"author":[{"embeddable":true,"href":"https:\/\/clinicafertia.net\/index.php\/wp-json\/wp\/v2\/users\/1"}],"replies":[{"embeddable":true,"href":"https:\/\/clinicafertia.net\/index.php\/wp-json\/wp\/v2\/comments?post=2"}],"version-history":[{"count":56,"href":"https:\/\/clinicafertia.net\/index.php\/wp-json\/wp\/v2\/pages\/2\/revisions"}],"predecessor-version":[{"id":100,"href":"https:\/\/clinicafertia.net\/index.php\/wp-json\/wp\/v2\/pages\/2\/revisions\/100"}],"wp:attachment":[{"href":"https:\/\/clinicafertia.net\/index.php\/wp-json\/wp\/v2\/media?parent=2"}],"curies":[{"name":"wp","href":"https:\/\/api.w.org\/{rel}","templated":true}]}}